{"id":16300,"date":"2022-08-12T17:01:45","date_gmt":"2022-08-12T14:01:45","guid":{"rendered":"https:\/\/arelidkart.arel.edu.tr\/2\/?page_id=16300"},"modified":"2022-08-15T08:32:39","modified_gmt":"2022-08-15T05:32:39","slug":"misafir","status":"publish","type":"page","link":"https:\/\/arelidkart.arel.edu.tr\/?page_id=16300","title":{"rendered":"Misafir"},"content":{"rendered":"<p>[vc_row css_animation=&#8221;&#8221; row_type=&#8221;row&#8221; use_row_as_full_screen_section=&#8221;no&#8221; type=&#8221;full_width&#8221; angled_section=&#8221;no&#8221; text_align=&#8221;left&#8221; background_image_as_pattern=&#8221;without_pattern&#8221; z_index=&#8221;&#8221; side_padding=&#8221;5&#8243; padding_top=&#8221;50&#8243; padding_bottom=&#8221;50&#8243;][vc_column][vc_column_text]<\/p>\n<div align=\"justify\">\n<p>Etkinliklere kat\u0131lan misafir bilgilerinin ve etkinlik tarihinin yer ald\u0131\u011f\u0131\u00a0 \u201cEtkinlik Talep Formu\u201d (EK-3) etkinli\u011fi yapan birim taraf\u0131ndan EBYS \u00fczerinden doldurulur. Etkinlik Talep Formu Genel Sekreterlik onay\u0131na sunulur, onaylanan etkinlik EBYS \u00fczerinden \u0130dari Destek ve Teknik Hizmetler Ofisi Kart Birimi<span dir=\"RTL\">\u2019<\/span>ne iletilir. Onay\u0131 al\u0131nan misafirlerin yemek hizmetinden faydalanabilmesi i\u00e7in, Kart Birimi sorumlulu\u011funa verilen Etkinlik Misafir Kart\u0131, etkinli\u011fi yapan birim sorumlusuna\u00a0<span dir=\"RTL\">\u201c<\/span>Etkinlik Misafir Kart\u0131 Teslim Tutana\u011f\u0131\u201d (EK-4) ile teslim edilir. Etkinlik birim sorumlusu taraf\u0131ndan, onay verilen ki\u015fi say\u0131s\u0131 kadar Misafir Kart okutulur, etkinlik bitiminde ve\/veya g\u00fcn sonunda Etkinlik Misafir Kart\u0131, \u2018Kart Birimi\u2019ne teslim edilir.<\/p>\n<p>&nbsp;<\/p>\n<p>Kurum misafir bilgilerinin ve ziyaret tarihinin yer ald\u0131\u011f\u0131\u00a0 \u201cKurum Misafiri Yemek Talep Formu\u201d (EK-5) ziyareti kabul eden birim taraf\u0131ndan ziyaret \u00f6ncesi ya da en ge\u00e7 ziyaret g\u00fcn\u00fc EBYS \u00fczerinden doldurulur. Kurum Misafiri Yemek Talep Formu Genel Sekreterlik onay\u0131na sunulur, onaylanan ziyaret EBYS \u00fczerinden \u0130dari Destek ve Teknik Hizmetler Ofisi Kart Birimi<span dir=\"RTL\">\u2019<\/span>ne iletilir. Onay\u0131 al\u0131nan misafirlerin yemek hizmetinden faydalanabilmesi i\u00e7in, Kart Birimi sorumlulu\u011funa verilen Kurum Misafir Yemek Kart\u0131, EBYS taraf\u0131ndan talebi yapan Birim sorumlusuna\u00a0<span dir=\"RTL\">\u201c<\/span>Kurum Misafiri Yemek Kart\u0131 Teslim Tutana\u011f\u0131\u201d (EK-6) ile teslim edilir. Birim sorumlusu taraf\u0131ndan, onay verilen ki\u015fi say\u0131s\u0131 kadar Kurum Misafir Yemek Kart\u0131 okutulur, ziyaret bitiminde ve\/veya g\u00fcn sonunda Kurum Misafir Yemek Kart\u0131, \u2018Kart Birimi\u2019ne teslim edilir.<\/p>\n<p>&nbsp;<\/p>\n<p>Etkinlik Misafir Kart\u0131 ve Kurum Misafir Yemek Kart\u0131, ArelNakit y\u00fckleme ve kullan\u0131m \u00f6zelli\u011fi ta\u015f\u0131maz.<\/p>\n<p>&nbsp;<\/p>\n<p>ArelID Kart\u2019\u0131n iade edilmemesi veya kaybedilmesi durumunda, kart\u0131 alan ki\u015fi\u00a0<span dir=\"RTL\">\u201c<\/span>ArelID Kart Kay\u0131p Formu\u201d (EK-7) doldurur, 5.5 Maddesinde belirtilen tutar\u0131n \u00f6dendi\u011fine dair dekont ile \u2018Kart Birimi\u2019ne teslim edilir.<\/p>\n<p>&nbsp;<\/p>\n<p>Etkinlik Misafir Kart\u0131 veya Kurum Misafir Yemek Kart\u0131\u2019n\u0131n muhafazas\u0131, etkinli\u011fi d\u00fczenleyen birim y\u00f6neticisi sorumlulu\u011fundad\u0131r.<\/p>\n<p>&nbsp;<\/p><\/div>\n<p>[\/vc_column_text][vc_empty_space height=&#8221;100px&#8221;][\/vc_column][\/vc_row]<\/p>\n","protected":false},"excerpt":{"rendered":"<p>[vc_row css_animation=&#8221;&#8221; row_type=&#8221;row&#8221; use_row_as_full_screen_section=&#8221;no&#8221; type=&#8221;full_width&#8221; angled_section=&#8221;no&#8221; text_align=&#8221;left&#8221; background_image_as_pattern=&#8221;without_pattern&#8221; z_index=&#8221;&#8221; side_padding=&#8221;5&#8243; padding_top=&#8221;50&#8243; padding_bottom=&#8221;50&#8243;][vc_column][vc_column_text] Etkinliklere kat\u0131lan misafir bilgilerinin ve etkinlik tarihinin yer ald\u0131\u011f\u0131\u00a0 \u201cEtkinlik Talep Formu\u201d (EK-3) etkinli\u011fi yapan birim taraf\u0131ndan EBYS \u00fczerinden doldurulur. Etkinlik Talep Formu Genel Sekreterlik onay\u0131na sunulur, onaylanan etkinlik EBYS \u00fczerinden \u0130dari Destek&#8230;<\/p>\n","protected":false},"author":1,"featured_media":0,"parent":0,"menu_order":0,"comment_status":"closed","ping_status":"closed","template":"full_width.php","meta":{"footnotes":""},"class_list":["post-16300","page","type-page","status-publish","hentry"],"_links":{"self":[{"href":"https:\/\/arelidkart.arel.edu.tr\/index.php?rest_route=\/wp\/v2\/pages\/16300","targetHints":{"allow":["GET"]}}],"collection":[{"href":"https:\/\/arelidkart.arel.edu.tr\/index.php?rest_route=\/wp\/v2\/pages"}],"about":[{"href":"https:\/\/arelidkart.arel.edu.tr\/index.php?rest_route=\/wp\/v2\/types\/page"}],"author":[{"embeddable":true,"href":"https:\/\/arelidkart.arel.edu.tr\/index.php?rest_route=\/wp\/v2\/users\/1"}],"replies":[{"embeddable":true,"href":"https:\/\/arelidkart.arel.edu.tr\/index.php?rest_route=%2Fwp%2Fv2%2Fcomments&post=16300"}],"version-history":[{"count":3,"href":"https:\/\/arelidkart.arel.edu.tr\/index.php?rest_route=\/wp\/v2\/pages\/16300\/revisions"}],"predecessor-version":[{"id":16322,"href":"https:\/\/arelidkart.arel.edu.tr\/index.php?rest_route=\/wp\/v2\/pages\/16300\/revisions\/16322"}],"wp:attachment":[{"href":"https:\/\/arelidkart.arel.edu.tr\/index.php?rest_route=%2Fwp%2Fv2%2Fmedia&parent=16300"}],"curies":[{"name":"wp","href":"https:\/\/api.w.org\/{rel}","templated":true}]}}