{"id":16309,"date":"2022-08-12T17:03:00","date_gmt":"2022-08-12T14:03:00","guid":{"rendered":"https:\/\/arelidkart.arel.edu.tr\/2\/?page_id=16309"},"modified":"2025-09-25T15:56:36","modified_gmt":"2025-09-25T12:56:36","slug":"kayip-calinti-kart","status":"publish","type":"page","link":"https:\/\/arelidkart.arel.edu.tr\/?page_id=16309","title":{"rendered":"Kay\u0131p \u00c7al\u0131nt\u0131 Kart"},"content":{"rendered":"<p>[vc_row css_animation=&#8221;&#8221; row_type=&#8221;row&#8221; use_row_as_full_screen_section=&#8221;no&#8221; type=&#8221;full_width&#8221; angled_section=&#8221;no&#8221; text_align=&#8221;left&#8221; background_image_as_pattern=&#8221;without_pattern&#8221; z_index=&#8221;&#8221; side_padding=&#8221;5&#8243; padding_top=&#8221;50&#8243; padding_bottom=&#8221;50&#8243;][vc_column][vc_column_text]<\/p>\n<div align=\"justify\">\n<p class=\"x_MsoNormal\"><span data-olk-copy-source=\"MessageBody\">ArelID Kart\u2019\u0131n\u0131 yenilemek isteyen kullan\u0131c\u0131lar, ID Kart ofisine gidip kay\u0131p ya da yenileme ba\u015fvurusu yapmalar\u0131 gerekmektedir. ID Kart ofis yetkilisi, ki\u015finin Arelim Uygulamas\u0131na ikaz g\u00f6nderir, \u0130lgili ki\u015fi AREL\u0130M uygulamas\u0131na giri\u015f yap\u0131p \u0130kazlar\/ Kay\u0131p Kart Ba\u015fvuru \/ Kredi Kart\u0131 ile \u00f6deme ekran\u0131ndan\u00a0<b>150 TL<\/b>\u00a0\u00f6demeyi\u00a0<u>sadece<\/u>\u00a0Banka\/Kredi Kart\u0131 ile \u00f6deme yapmas\u0131 gerekmektedir. Kart yenileme \u00fccreti\u00a0<u>nakit<\/u>\u00a0al\u0131nmamaktad\u0131r!<\/span><\/p>\n<p>&nbsp;<\/p>\n<p class=\"x_MsoNormal\">Kay\u0131p, \u00e7al\u0131nt\u0131 veya k\u00f6t\u00fcye kullan\u0131lm\u0131\u015f Arel ID Kartlar i\u00e7in \u00dcniversite taraf\u0131ndan belirlenen de\u011fi\u015ftirme \u00fccreti al\u0131n\u0131r. Bu \u00fccret, Arel ID Kart kullan\u0131c\u0131s\u0131 resmi olarak \u00dcniversitede bir isim\/\u00fcnvan de\u011fi\u015fikli\u011fi yapt\u0131\u011f\u0131nda, eski Arel ID Kart\u2019\u0131n\u0131 geri vermesi ko\u015fuluyla ge\u00e7erli de\u011fildir.<\/p>\n<\/div>\n<p>[\/vc_column_text][vc_empty_space height=&#8221;100px&#8221;][\/vc_column][\/vc_row]<\/p>\n","protected":false},"excerpt":{"rendered":"<p>[vc_row css_animation=&#8221;&#8221; row_type=&#8221;row&#8221; use_row_as_full_screen_section=&#8221;no&#8221; type=&#8221;full_width&#8221; angled_section=&#8221;no&#8221; text_align=&#8221;left&#8221; background_image_as_pattern=&#8221;without_pattern&#8221; z_index=&#8221;&#8221; side_padding=&#8221;5&#8243; padding_top=&#8221;50&#8243; padding_bottom=&#8221;50&#8243;][vc_column][vc_column_text] ArelID Kart\u2019\u0131n\u0131 yenilemek isteyen kullan\u0131c\u0131lar, ID Kart ofisine gidip kay\u0131p ya da yenileme ba\u015fvurusu yapmalar\u0131 gerekmektedir. ID Kart ofis yetkilisi, ki\u015finin Arelim Uygulamas\u0131na ikaz g\u00f6nderir, \u0130lgili ki\u015fi AREL\u0130M uygulamas\u0131na giri\u015f yap\u0131p \u0130kazlar\/ Kay\u0131p&#8230;<\/p>\n","protected":false},"author":1,"featured_media":0,"parent":0,"menu_order":0,"comment_status":"closed","ping_status":"closed","template":"full_width.php","meta":{"footnotes":""},"class_list":["post-16309","page","type-page","status-publish","hentry"],"_links":{"self":[{"href":"https:\/\/arelidkart.arel.edu.tr\/index.php?rest_route=\/wp\/v2\/pages\/16309","targetHints":{"allow":["GET"]}}],"collection":[{"href":"https:\/\/arelidkart.arel.edu.tr\/index.php?rest_route=\/wp\/v2\/pages"}],"about":[{"href":"https:\/\/arelidkart.arel.edu.tr\/index.php?rest_route=\/wp\/v2\/types\/page"}],"author":[{"embeddable":true,"href":"https:\/\/arelidkart.arel.edu.tr\/index.php?rest_route=\/wp\/v2\/users\/1"}],"replies":[{"embeddable":true,"href":"https:\/\/arelidkart.arel.edu.tr\/index.php?rest_route=%2Fwp%2Fv2%2Fcomments&post=16309"}],"version-history":[{"count":9,"href":"https:\/\/arelidkart.arel.edu.tr\/index.php?rest_route=\/wp\/v2\/pages\/16309\/revisions"}],"predecessor-version":[{"id":16647,"href":"https:\/\/arelidkart.arel.edu.tr\/index.php?rest_route=\/wp\/v2\/pages\/16309\/revisions\/16647"}],"wp:attachment":[{"href":"https:\/\/arelidkart.arel.edu.tr\/index.php?rest_route=%2Fwp%2Fv2%2Fmedia&parent=16309"}],"curies":[{"name":"wp","href":"https:\/\/api.w.org\/{rel}","templated":true}]}}